{"id":101,"date":"2010-10-13T15:36:29","date_gmt":"2010-10-13T13:36:29","guid":{"rendered":"http:\/\/www.merceriaelsiglo.es\/blog\/"},"modified":"2022-11-26T15:05:31","modified_gmt":"2022-11-26T13:05:31","slug":"tienda-on-line-merceriaelsiglo","status":"publish","type":"page","link":"https:\/\/www.merceriaelsiglo.es\/tienda\/blog\/tienda-on-line-merceriaelsiglo\/","title":{"rendered":"Tienda On-line"},"content":{"rendered":"\n<p><\/p>\n\n\n\n<p>Encuentra en nuestra tienda on-line muchos de los m\u00e1s de 5000 art\u00edculos disponibles en Mercer\u00eda El Siglo. <\/p>\n\n\n\n<p class=\"has-text-align-left\"><em>Hay art\u00edculos que por mucho que pase el tiempo seguimos utilizando como lo hac\u00edan nuestras madres y nuestras abuelas. <\/em><\/p>\n\n\n\n<p class=\"has-text-align-left\"><em>Estos art\u00edculos por el poco encanto que tienen respecto a otros de dise\u00f1os y funciones novedosas, en ocasiones son complicados de encontrar. <\/em><\/p>\n\n\n\n<p class=\"has-text-align-left\"><em>La mercer\u00eda cl\u00e1sica es un maravilloso e infinito mundo escondido en los cajones, cajas y estanter\u00edas de las peque\u00f1as mercer\u00edas de barrio que poco a poco van desapareciendo<\/em><\/p>\n\n\n\n<p>Precisamente en este campo es en lo que Mercer\u00eda El Siglo es m\u00e1s fuerte. <\/p>\n\n\n\n<p>Agujas, hilos, huevos de zurcir, herramientas de modista, dedales, galones&#8230; Descubre todo lo que tenemos para ofrecer.<\/p>\n\n\n\n<p>Sigue el enlace que hay tras nuestro logotipo y descubre todo lo que hay.<\/p>\n\n\n\n<p><\/p>\n\n\n\n<div class=\"is-layout-flow wp-block-group\">\n<div class=\"is-layout-flex wp-container-4 wp-block-columns\">\n<div class=\"is-layout-flow wp-block-column\" style=\"flex-basis:100%\">\n<figure class=\"is-layout-flex wp-block-gallery-1 wp-block-gallery has-nested-images columns-default is-cropped\">\n<figure class=\"wp-block-image size-large\"><a href=\"http:\/\/www.merceriaelsiglo.es\/tienda\"><img decoding=\"async\" loading=\"lazy\" width=\"224\" height=\"89\" src=\"http:\/\/www.merceriaelsiglo.es\/tienda\/blog\/wp-content\/uploads\/2022\/10\/logo-tienda-on-line-1.jpg\" alt=\"Logo tienda on line Mercer\u00eda El Siglo\" class=\"wp-image-2082\"\/><\/a><\/figure>\n<\/figure>\n<\/div>\n<\/div>\n<\/div>\n\n\n\n<p class=\"has-text-align-center\"><a href=\"http:\/\/www.merceriaelsiglo.es\/tienda\/\">Labores y mercer\u00eda online &#8211; Merceria El Siglo<\/a><\/p>\n<!-- AddThis Advanced Settings generic via filter on the_content --><!-- AddThis Share Buttons generic via filter on the_content -->","protected":false},"excerpt":{"rendered":"<p>Encuentra en nuestra tienda on-line muchos de los m\u00e1s de 5000 art\u00edculos disponibles en Mercer\u00eda El Siglo. Hay art\u00edculos que por mucho que pase el tiempo seguimos utilizando como lo hac\u00edan nuestras madres y nuestras abuelas. Estos art\u00edculos por el poco encanto que tienen respecto a otros de dise\u00f1os y funciones novedosas, en ocasiones son [&hellip;]<!-- AddThis Advanced Settings generic via filter on get_the_excerpt --><!-- AddThis Share Buttons generic via filter on get_the_excerpt --><\/p>\n","protected":false},"author":1,"featured_media":0,"parent":0,"menu_order":0,"comment_status":"open","ping_status":"closed","template":"","meta":{"ngg_post_thumbnail":0},"_links":{"self":[{"href":"https:\/\/www.merceriaelsiglo.es\/tienda\/blog\/wp-json\/wp\/v2\/pages\/101"}],"collection":[{"href":"https:\/\/www.merceriaelsiglo.es\/tienda\/blog\/wp-json\/wp\/v2\/pages"}],"about":[{"href":"https:\/\/www.merceriaelsiglo.es\/tienda\/blog\/wp-json\/wp\/v2\/types\/page"}],"author":[{"embeddable":true,"href":"https:\/\/www.merceriaelsiglo.es\/tienda\/blog\/wp-json\/wp\/v2\/users\/1"}],"replies":[{"embeddable":true,"href":"https:\/\/www.merceriaelsiglo.es\/tienda\/blog\/wp-json\/wp\/v2\/comments?post=101"}],"version-history":[{"count":8,"href":"https:\/\/www.merceriaelsiglo.es\/tienda\/blog\/wp-json\/wp\/v2\/pages\/101\/revisions"}],"predecessor-version":[{"id":2147,"href":"https:\/\/www.merceriaelsiglo.es\/tienda\/blog\/wp-json\/wp\/v2\/pages\/101\/revisions\/2147"}],"wp:attachment":[{"href":"https:\/\/www.merceriaelsiglo.es\/tienda\/blog\/wp-json\/wp\/v2\/media?parent=101"}],"curies":[{"name":"wp","href":"https:\/\/api.w.org\/{rel}","templated":true}]}}